 factors of 5759.
13, 443
What are the prime factors of 158?
2, 79
List the prime factors of 216.
2, 3
List the prime factors of 1068.
2, 3, 89
List the prime factors of 1115.
5, 223
What are the prime factors of 1127?
7, 23
What are the prime factors of 4745?
5, 13, 73
What are the prime factors of 10102?
2, 5051
What are the prime factors of 1499?
1499
What are the prime factors of 27723?
3, 9241
What are the prime factors of 2585?
5, 11, 47
List the prime factors of 2482.
2, 17, 73
List the prime factors of 40143.
3, 13381
What are the prime factors of 2399?
2399
What are the prime factors of 10369?
10369
What are the prime factors of 3841?
23, 167
What are the prime factors of 40368?
2, 3, 29
What are the prime factors of 319?
11, 29
What are the prime factors of 9615?
3, 5, 641
What are the prime factors of 974?
2, 487
List the prime factors of 5008.
2, 313
List the prime factors of 30055.
5, 6011
List the prime factors of 20261.
20261
What are the prime factors of 12564?
2, 3, 349
What are the prime factors of 824?
2, 103
What are the prime factors of 22237?
37, 601
What are the prime factors of 974?
2, 487
List the prime factors of 2145.
3, 5, 11, 13
List the prime factors of 36441.
3, 4049
What are the prime factors of 4179?
3, 7, 199
List the prime factors of 2782.
2, 13, 107
List the prime factors of 3348.
2, 3, 31
What are the prime factors of 2290?
2, 5, 229
List the prime factors of 13945.
5, 2789
What are the prime factors of 2916?
2, 3
What are the prime factors of 1608?
2, 3, 67
List the prime factors of 1421.
7, 29
List the prime factors of 25381.
17, 1493
What are the prime factors of 11167?
13, 859
List the prime factors of 493.
17, 29
List the prime factors of 4209.
3, 23, 61
List the prime factors of 15310.
2, 5, 1531
List the prime factors of 38147.
37, 1031
What are the prime factors of 40?
2, 5
What are the prime factors of 17244?
2, 3, 479
What are the prime factors of 2591?
2591
List the prime factors of 158181.
3, 52727
List the prime factors of 7216.
2, 11, 41
What are the prime factors of 926?
2, 463
What are the prime factors of 2925?
3, 5, 13
What are the prime factors of 37722?
2, 3, 6287
List the prime factors of 4.
2
What are the prime factors of 39320?
2, 5, 983
List the prime factors of 383.
383
List the prime factors of 30098.
2, 101, 149
List the prime factors of 1752.
2, 3, 73
What are the prime factors of 414?
2, 3, 23
What are the prime factors of 10151?
10151
List the prime factors of 4504.
2, 563
What are the prime factors of 10684?
2, 2671
List the prime factors of 76757.
76757
List the prime factors of 2519.
11, 229
List the prime factors of 2933.
7, 419
List the prime factors of 2959.
11, 269
List the prime factors of 35667.
3, 1321
List the prime factors of 3914.
2, 19, 103
List the prime factors of 5084.
2, 31, 41
List the prime factors of 861.
3, 7, 41
What are the prime factors of 3765?
3, 5, 251
List the prime factors of 62304.
2, 3, 11, 59
What are the prime factors of 39203?
197, 199
List the prime factors of 36892.
2, 23, 401
What are the prime factors of 6?
2, 3
List the prime factors of 5915.
5, 7, 13
What are the prime factors of 1897?
7, 271
List the prime factors of 26376.
2, 3, 7, 157
List the prime factors of 3811.
37, 103
List the prime factors of 5501.
5501
List the prime factors of 63592.
2, 7949
List the prime factors of 8908.
2, 17, 131
List the prime factors of 56041.
56041
What are the prime factors of 4407?
3, 13, 113
List the prime factors of 3167.
3167
List the prime factors of 58225.
5, 17, 137
List the prime factors of 88209.
3, 11
What are the prime factors of 40096?
2, 7, 179
List the prime factors of 1219.
23, 53
What are the prime factors of 26316?
2, 3, 17, 43
What are the prime factors of 293?
293
List the prime factors of 920.
2, 5, 23
What are the prime factors of 2217?
3, 739
What are the prime factors of 8936?
2, 1117
What are the prime factors of 21399?
3, 7, 1019
What are the prime factors of 645?
3, 5, 43
What are the prime factors of 41468?
2, 7, 1481
List the prime factors of 6322.
2, 29, 109
What are the prime factors of 3382?
2, 19, 89
What are the prime factors of 161?
7, 23
What are the prime factors of 135693?
3, 15077
List the prime factors of 1026.
2, 3, 19
List the prime factors of 5609.
71, 79
List the prime factors of 946.
2, 11, 43
List the prime factors of 27832.
2, 7, 71
List the prime factors of 2074.
2, 17, 61
What are the prime factors of 472?
2, 59
What are the prime factors of 166?
2, 83
List the prime factors of 43095.
3, 5, 13, 17
List the prime factors of 2405.
5, 13, 37
What are the prime factors of 95990?
2, 5, 29, 331
List the prime factors of 237.
3, 79
What are the prime factors of 9841?
13, 757
List the prime factors of 2366.
2, 7, 13
List the prime factors of 26079.
3, 8693
List the prime factors of 939.
3, 313
What are the prime factors of 26499?
3, 11, 73
What are the prime factors of 5085?
3, 5, 113
List the prime factors of 72167.
72167
List the prime factors of 3839.
11, 349
List the prime factors of 7621.
7621
What are the prime factors of 3263?
13, 251
List the prime factors of 51897.
3, 17299
What are the prime factors of 781?
11, 71
List the prime factors of 6142.
2, 37, 83
What are the prime factors of 980?
2, 5, 7
What are the prime factors of 3493?
7, 499
List the prime factors of 4476.
2, 3, 373
List the prime factors of 9574.
2, 4787
List the prime factors of 1630.
2, 5, 163
List the prime factors of 1563.
3, 521
What are the prime factors of 198020?
2, 5, 9901
What are the prime factors of 412?
2, 103
What are the prime factors of 447?
3, 149
List the prime factors of 1397.
11, 127
What are the prime factors of 865?
5, 173
List the prime factors of 232.
2, 29
What are the prime factors of 58895?
5, 11779
What are the prime factors of 5694?
2, 3, 13, 73
What are the prime factors of 104954?
2, 97, 541
List the prime factors of 81838.
2, 17, 29, 83
List the prime factors of 1157.
13, 89
What are the prime factors of 549?
3, 61
List the prime factors of 1345.
5, 269
What are the prime factors of 598?
2, 13, 23
What are the prime factors of 20942?
2, 37, 283
List the prime factors of 13966.
2, 6983
What are the prime factors of 29155?
5, 7, 17
List the prime factors of 1179.
3, 131
What are the prime factors of 7592?
2, 13, 73
List the prime factors of 4722.
2, 3, 787
What are the prime factors of 1145?
5, 229
List the prime factors of 4127.
4127
List the prime factors of 15694.
2, 7, 19, 59
List the prime factors of 1890.
2, 3, 5, 7
List the prime factors of 1042.
2, 521
List the prime factors of 9711.
3, 13, 83
List the prime factors of 101906.
2, 7, 29, 251
What are the prime factors of 12792?
2, 3, 13, 41
List the prime factors of 57017.
23, 37, 67
What are the prime factors of 82352?
2, 5147
What are the prime factors of 1400?
2, 5, 7
What are the prime factors of 1639?
11, 149
What are the prime factors of 2142?
2, 3, 7, 17
List the prime factors of 58029.
3, 23, 29
List the prime factors of 660.
2, 3, 5, 11
List the prime factors of 3551.
53, 67
List the prime factors of 46400.
2, 5, 29
What are the prime factors of 8278?
2, 4139
What are the prime factors of 29985?
3, 5, 1999
What are the prime factors of 124000?
2, 5, 31
What are the prime factors of 49284?
2, 3, 37
List the prime factors of 4348.
2, 1087
What are the prime factors of 938?
2, 7, 67
What are the prime factors of 1287?
3, 11, 13
List the prime factors of 5169.
3, 1723
What are the prime factors of 1796?
2, 449
List the prime factors of 2111.
2111
What are the prime factors of 1484?
2, 7, 53
List the prime factors of 28848.
2, 3, 601
List the prime factors of 1142.
2, 571
List the prime factors of 4561.
4561
List the prime factors of 62942.
2, 11, 2861
List the prime factors of 102702.
2, 3, 17117
List the prime factors of 860.
2, 5, 43
List the prime factors of 7427.
7, 1061
List the prime factors of 1213.
1213
What are the prime factors of 313?
313
List the prime factors of 11921.
7, 13, 131
What are the prime factors of 816?
2, 3, 17
List the prime factors of 1295.
5, 7, 37
What are the prime factors of 191?
191
What are the prime factors of 2199?
3, 733
List the prime factors of 48522.
2, 3, 8087
What are the prime factors of 896?
2, 7
L